{"id":103,"date":"2024-10-11T11:27:10","date_gmt":"2024-10-11T16:27:10","guid":{"rendered":"https:\/\/www.defensoria.uni.edu.pe\/?page_id=103"},"modified":"2024-10-11T11:59:28","modified_gmt":"2024-10-11T16:59:28","slug":"competencias","status":"publish","type":"page","link":"https:\/\/www.defensoria.uni.edu.pe\/?page_id=103","title":{"rendered":"Competencias"},"content":{"rendered":"\n<p class=\"has-text-align-center has-primary-color has-text-color has-link-color has-small-medium-font-size wp-elements-9417e0d35b80a21cfa10bfb5f5278c0c\" style=\"margin-top:0px;margin-bottom:8px;font-style:normal;font-weight:500;line-height:1.6\"><\/p>\n\n\n\n<div class=\"wp-block-columns alignwide is-layout-flex wp-container-core-columns-is-layout-2077dcbe wp-block-columns-is-layout-flex\" style=\"margin-top:0px;margin-bottom:0px\">\n<div class=\"wp-block-column is-layout-flow wp-block-column-is-layout-flow\" style=\"padding-top:0px;padding-right:0px;padding-bottom:0px;padding-left:0px;flex-basis:45%\">\n<div class=\"wp-block-group is-style-hover-animation is-vertical is-layout-flex wp-container-core-group-is-layout-8cf370e7 wp-block-group-is-layout-flex\">\n<h3 class=\"wp-block-heading has-heading-color has-text-color has-link-color has-large-font-size wp-elements-af970d3881f5116f4b1bad47bf466d28\" style=\"margin-top:24px;margin-bottom:16px;font-style:normal;font-weight:300;line-height:1.5\"><strong>\u00bfQu\u00e9 conocemos?<\/strong><\/h3>\n\n\n\n<p class=\"has-small-font-size\" style=\"margin-top:0px;line-height:1.77\"><\/p>\n\n\n\n<h3 class=\"wp-block-heading has-heading-color has-text-color has-link-color has-small-font-size wp-elements-c0ec9405b93a5ed15a2c1eedeb073f45\" style=\"margin-top:24px;margin-bottom:16px;font-style:normal;font-weight:300;line-height:1.4\"><strong>Competencia de la Defensor\u00eda de los Derechos Universitarios, Igualdad y Atenci\u00f3n de la Violencia de G\u00e9nero<\/strong><\/h3>\n\n\n\n<p class=\"has-small-font-size\" style=\"margin-top:0px;line-height:1.77\">El Estatuto y el Reglamento de la Defensor\u00eda la facultan para conocer y, cuando sea posible, resolver sobre las reclamaciones, quejas, inconformidades o denuncias que realicen ante ella los miembros del personal acad\u00e9mico y los estudiantes, as\u00ed como personal administrativo en materia de violencia de g\u00e9nero.<\/p>\n\n\n\n<h3 class=\"wp-block-heading has-heading-color has-text-color has-link-color has-small-font-size wp-elements-c1efd0a4ee82684f50d66f234ddca915\" style=\"margin-top:24px;margin-bottom:16px;font-style:normal;font-weight:300;line-height:1.4\"><strong>Excepciones a la competencia de la Defensor\u00eda de los Derechos Universitarios, Igualdad y Atenci\u00f3n de casos de Hostigamiento Sexual.<\/strong><\/h3>\n<\/div>\n<\/div>\n\n\n\n<div class=\"wp-block-column is-layout-flow wp-block-column-is-layout-flow\" style=\"flex-basis:55%\">\n<figure class=\"wp-block-image size-large is-resized\"><img loading=\"lazy\" decoding=\"async\" width=\"1024\" height=\"683\" src=\"https:\/\/www.defensoria.uni.edu.pe\/wp-content\/uploads\/2024\/10\/smiling-african-american-young-lady-with-book-1-1024x683.jpg\" alt=\"\" class=\"wp-image-110\" style=\"width:461px;height:auto\" srcset=\"https:\/\/www.defensoria.uni.edu.pe\/wp-content\/uploads\/2024\/10\/smiling-african-american-young-lady-with-book-1-1024x683.jpg 1024w, https:\/\/www.defensoria.uni.edu.pe\/wp-content\/uploads\/2024\/10\/smiling-african-american-young-lady-with-book-1-300x200.jpg 300w, https:\/\/www.defensoria.uni.edu.pe\/wp-content\/uploads\/2024\/10\/smiling-african-american-young-lady-with-book-1-768x512.jpg 768w, https:\/\/www.defensoria.uni.edu.pe\/wp-content\/uploads\/2024\/10\/smiling-african-american-young-lady-with-book-1-1536x1024.jpg 1536w, https:\/\/www.defensoria.uni.edu.pe\/wp-content\/uploads\/2024\/10\/smiling-african-american-young-lady-with-book-1-2048x1365.jpg 2048w, https:\/\/www.defensoria.uni.edu.pe\/wp-content\/uploads\/2024\/10\/smiling-african-american-young-lady-with-book-1-90x60.jpg 90w\" sizes=\"auto, (max-width: 1024px) 100vw, 1024px\" \/><\/figure>\n<\/div>\n<\/div>\n\n\n\n<p class=\"has-small-font-size\">Conviene advertir que la competencia es de car\u00e1cter general, al ser la Defensor\u00eda la vigilante del cumplimiento de la Legislaci\u00f3n Universitaria y la promoci\u00f3n de la igualdad entre universitarios, excluy\u00e9ndose s\u00f3lo las materias se\u00f1aladas en el art\u00edculo 5\u00ba del Reglamento de la Defensor\u00eda N\u00b0788 : \u00abAfectaciones de los derechos de naturaleza laboral y evaluaciones acad\u00e9micas, sean de car\u00e1cter colectivo; las resoluciones disciplinarias emanadas de de procesos administrativos que son competencias exclusivas; o las evaluaciones acad\u00e9micas del profesorado, jurados calificadores, trabajadores administrativos, as\u00ed como en general aquellas que puedan atenderse por otras v\u00edas establecidas por la Legislaci\u00f3n Universitaria\u00bb<\/p>\n\n\n\n<p class=\"has-small-font-size\">Tampoco son atendibles las denuncias provenientes de las actividades acad\u00e9micas o administrativas desarrolladas por los \u00f3rganos desconcentrados de la UNI.<\/p>\n\n\n\n<p class=\"has-small-font-size\">La Defensor\u00eda, al ser un \u00f3rgano independiente, puede fijar los l\u00edmites de su competencia.<\/p>\n","protected":false},"excerpt":{"rendered":"<p>\u00bfQu\u00e9 conocemos? Competencia de la Defensor\u00eda de los Derechos Universitarios, Igualdad y Atenci\u00f3n de la Violencia de G\u00e9nero El Estatuto y el Reglamento de la Defensor\u00eda la facultan para conocer y, cuando sea posible, resolver sobre las reclamaciones, quejas, inconformidades o denuncias que realicen ante &hellip; <\/p>\n","protected":false},"author":1,"featured_media":0,"parent":0,"menu_order":0,"comment_status":"closed","ping_status":"closed","template":"","meta":{"footnotes":""},"class_list":["post-103","page","type-page","status-publish","hentry"],"_links":{"self":[{"href":"https:\/\/www.defensoria.uni.edu.pe\/index.php?rest_route=\/wp\/v2\/pages\/103","targetHints":{"allow":["GET"]}}],"collection":[{"href":"https:\/\/www.defensoria.uni.edu.pe\/index.php?rest_route=\/wp\/v2\/pages"}],"about":[{"href":"https:\/\/www.defensoria.uni.edu.pe\/index.php?rest_route=\/wp\/v2\/types\/page"}],"author":[{"embeddable":true,"href":"https:\/\/www.defensoria.uni.edu.pe\/index.php?rest_route=\/wp\/v2\/users\/1"}],"replies":[{"embeddable":true,"href":"https:\/\/www.defensoria.uni.edu.pe\/index.php?rest_route=%2Fwp%2Fv2%2Fcomments&post=103"}],"version-history":[{"count":4,"href":"https:\/\/www.defensoria.uni.edu.pe\/index.php?rest_route=\/wp\/v2\/pages\/103\/revisions"}],"predecessor-version":[{"id":114,"href":"https:\/\/www.defensoria.uni.edu.pe\/index.php?rest_route=\/wp\/v2\/pages\/103\/revisions\/114"}],"wp:attachment":[{"href":"https:\/\/www.defensoria.uni.edu.pe\/index.php?rest_route=%2Fwp%2Fv2%2Fmedia&parent=103"}],"curies":[{"name":"wp","href":"https:\/\/api.w.org\/{rel}","templated":true}]}}